{"id":99,"date":"2022-10-07T15:30:33","date_gmt":"2022-10-07T14:30:33","guid":{"rendered":"https:\/\/web01.usn.no\/~sir\/programmeringiskolen\/?page_id=99"},"modified":"2022-11-16T15:02:02","modified_gmt":"2022-11-16T14:02:02","slug":"begynneropplaering","status":"publish","type":"page","link":"https:\/\/web01.usn.no\/~sir\/programmeringiskolen\/?page_id=99","title":{"rendered":"Begynneroppl\u00e6ring"},"content":{"rendered":"\n<p>Denne delen av programmeringsresursen vil fokusere p\u00e5 begynneroppl\u00e6ring og v\u00e6re knyttet til barnehage og de f\u00f8rste \u00e5rene i skolen. Aktivitetene har fokus p\u00e5 lek, utforsking, pr\u00f8ving og feiling. <\/p>\n\n\n\n<p>I denne delen av programmeringskompetansen vil mange av de aktivitetene knyttet til <a href=\"https:\/\/web01.usn.no\/~sir\/programmeringiskolen\/wp-admin\/post.php?post=105&amp;action=edit\">analog programmering <\/a><\/p>\n","protected":false},"excerpt":{"rendered":"<p>Denne delen av programmeringsresursen vil fokusere p\u00e5 begynneroppl\u00e6ring og v\u00e6re knyttet til barnehage og de f\u00f8rste \u00e5rene i skolen. Aktivitetene har fokus p\u00e5 lek, utforsking, pr\u00f8ving og feiling. I denne delen av programmeringskompetansen vil mange av de aktivitetene knyttet til analog programmering<\/p>\n","protected":false},"author":1,"featured_media":0,"parent":0,"menu_order":40,"comment_status":"closed","ping_status":"closed","template":"","meta":[],"_links":{"self":[{"href":"https:\/\/web01.usn.no\/~sir\/programmeringiskolen\/index.php?rest_route=\/wp\/v2\/pages\/99"}],"collection":[{"href":"https:\/\/web01.usn.no\/~sir\/programmeringiskolen\/index.php?rest_route=\/wp\/v2\/pages"}],"about":[{"href":"https:\/\/web01.usn.no\/~sir\/programmeringiskolen\/index.php?rest_route=\/wp\/v2\/types\/page"}],"author":[{"embeddable":true,"href":"https:\/\/web01.usn.no\/~sir\/programmeringiskolen\/index.php?rest_route=\/wp\/v2\/users\/1"}],"replies":[{"embeddable":true,"href":"https:\/\/web01.usn.no\/~sir\/programmeringiskolen\/index.php?rest_route=%2Fwp%2Fv2%2Fcomments&post=99"}],"version-history":[{"count":3,"href":"https:\/\/web01.usn.no\/~sir\/programmeringiskolen\/index.php?rest_route=\/wp\/v2\/pages\/99\/revisions"}],"predecessor-version":[{"id":490,"href":"https:\/\/web01.usn.no\/~sir\/programmeringiskolen\/index.php?rest_route=\/wp\/v2\/pages\/99\/revisions\/490"}],"wp:attachment":[{"href":"https:\/\/web01.usn.no\/~sir\/programmeringiskolen\/index.php?rest_route=%2Fwp%2Fv2%2Fmedia&parent=99"}],"curies":[{"name":"wp","href":"https:\/\/api.w.org\/{rel}","templated":true}]}}